5451
Convert 3312 (base 4) to base 12.
186
11170 (base 8) to base 10
4728
Convert -296c (base 13) to base 9.
-8212
Convert -962 (base 13) to base 4.
-121001
Convert 2471 (base 9) to base 5.
24341
Convert -40c (base 14) to base 3.
-1002111
Convert -10000100101 (base 2) to base 10.
-1061
Convert -17062 (base 9) to base 10.
-11720
Convert 6223 (base 8) to base 13.
1608
What is -2124 (base 8) in base 7?
-3142
What is 6a6 (base 11) in base 5?
11332
-9a (base 12) to base 8
-166
2111200101 (base 3) to base 14
13da3
Convert 8278 (base 10) to base 9.
12317
Convert 92b (base 12) to base 4.
110303
What is -43505 (base 6) in base 11?
-4580
What is -268a (base 13) in base 12?
-3242
Convert 223211 (base 5) to base 6.
100415
20212211 (base 3) to base 10
5017
4215 (base 13) to base 6
110200
What is -226d (base 16) in base 8?
-21155
Convert 100103 (base 4) to base 5.
13133
What is -3721 (base 11) in base 8?
-11377
What is -212101 (base 3) in base 2?
-1001110111
What is -101101110110000 (base 2) in base 10?
-23472
50b (base 13) to base 16
358
Convert -e7b (base 16) to base 8.
-7173
Convert 205 (base 8) to base 7.
250
-12365 (base 8) to base 3
-21100201
-332031 (base 4) to base 10
-3981
-42566 (base 7) to base 14
-3bdd
What is -a10 (base 14) in base 2?
-11110110110
Convert -404332 (base 5) to base 16.
-3324
What is -7c9 (base 14) in base 8?
-3015
-12001 (base 5) to base 9
-1173
-31146 (base 8) to base 7
-52421
Convert -424312 (base 6) to base 16.
-8774
What is 10b6 (base 12) in base 15?
846
282 (base 9) to base 2
11101100
Convert -b5b4 (base 15) to base 10.
-38419
408 (base 16) to base 4
100020
What is -1280 (base 9) in base 6?
-4243
-10e8a (base 15) to base 12
-27241
What is 11011111110 (base 2) in base 10?
1790
Convert -140 (base 10) to base 7.
-260
What is -1594 (base 14) in base 11?
-2994
Convert -3160 (base 8) to base 11.
-1269
Convert -3322 (base 5) to base 11.
-390
266 (base 8) to base 4
2312
What is -1222 (base 14) in base 7?
-12142
Convert -2211323 (base 4) to base 11.
-7a84
Convert 2139 (base 16) to base 9.
12600
What is 30978 (base 11) in base 10?
45097
-24437 (base 10) to base 13
-b17a
1101010100011 (base 2) to base 13
3147
What is 9c82 (base 13) in base 3?
1010001101
What is 581 (base 16) in base 4?
112001
-124 (base 5) to base 6
-103
43132 (base 5) to base 3
11000001
-131540 (base 6) to base 14
-4592
What is -2034 (base 7) in base 14?
-38b
What is 1120211 (base 3) in base 4?
102010
Convert -3714 (base 8) to base 12.
-11a4
Convert -3a3d (base 16) to base 14.
-560d
Convert 1100010101011101 (base 2) to base 9.
76268
Convert 85a (base 16) to base 3.
2221012
What is 8e57 (base 15) in base 13?
109b7
Convert 1304302 (base 6) to base 3.
10121100002
2531 (base 6) to base 15
2c1
What is -3030 (base 6) in base 11?
-556
115 (base 12) to base 14
b7
11100100101111 (base 2) to base 13
6881
14644 (base 7) to base 11
3097
Convert 6654 (base 9) to base 10.
4909
What is 40444 (base 6) in base 15?
18c1
What is 60468 (base 9) in base 4?
21231020
Convert 19a94 (base 12) to base 7.
215215
Convert 17141 (base 11) to base 9.
36074
Convert -432210 (base 5) to base 9.
-22121
Convert 15000 (base 7) to base 8.
10024
What is 1012243 (base 5) in base 2?
100000010111101
Convert 13 (base 14) to base 5.
32
What is -11463 (base 7) in base 9?
-4076
What is 1000001221 (base 3) in base 15?
5caa
Convert -3606 (base 10) to base 4.
-320112
What is -20000022 (base 3) in base 11?
-3324
Convert 2326 (base 9) to base 5.
23400
What is 121202 (base 3) in base 14?
244
Convert -6a49 (base 13) to base 16.
-3a55
23315 (base 8) to base 10
9933
What is -274 (base 14) in base 6?
-2142
What is -3020 (base 4) in base 11?
-172
Convert -114 (base 10) to base 3.
-11020
Convert 11100101111 (base 2) to base 14.
955
What is 112447 (base 8) in base 3?
1221101012
What is -1110100100 (base 2) in base 15?
-422
2147 (base 11) to base 2
101100010010
21011 (base 3) to base 9
234
11133311 (base 4) to base 15
6a12
What is 1101011011 (base 2) in base 4?
31123
a66 (base 16) to base 2
101001100110
Convert 176462 (base 8) to base 16.
fd32
-397 (base 11) to base 15
-214
What is 1148 (base 10) in base 5?
14043
-11101101 (base 2) to base 9
-283
What is -4175 (base 11) in base 3?
-21120201
10457 (base 11) to base 14
576b
-4716 (base 8) to base 7
-10214
Convert -133 (base 11) to base 15.
-a7
What is 1a89 (base 12) in base 5?
101043
What is -a380 (base 14) in base 5?
-1400030
What is 2c2 (base 13) in base 9?
611
-20250 (base 6) to base 14
-da6
What is -33710 (base 8) in base 13?
-6666
-5018 (base 13) to base 3
-120002122
-12011010 (base 3) to base 5
-110011
-11010001 (base 2) to base 8
-321
6842 (base 13) to base 4
3203330
What is 52106 (base 8) in base 7?
116620
What is -3939 (base 16) in base 2?
-11100100111001
What is 1011110000001 (base 2) in base 6?
43505
Convert -1720b (base 13) to base 14.
-121d7
11000011111 (base 2) to base 15
6e7
Convert 10001000010100000 (base 2) to base 4.
101002200
21455 (base 6) to base 7
11465
Convert 72dc (base 14) to base 10.
19794
What is -15140 (base 9) in base 11?
-7835
What is 541b (base 12) in base 11?
6a3a
10210201 (base 3) to base 10
2773
What is -1425 (base 7) in base 13?
-33c
-110011011 (base 2) to base 13
-258
10781 (base 16) to base 8
203601
Convert 8688 (base 15) to base 3.
1110001202
What is 519 (base 16) in base 11?
a87
Convert -187 (base 12) to base 13.
-160
Convert 353 (base 6) to base 10.
141
What is -2df (base 16) in base 14?
-3a7
Convert -c8 (base 16) to base 8.
-310
-22dc (base 16) to base 8
-21334
Convert 13252 (base 6) to base 11.
15a2
63546 (base 7) to base 8
36542
What is -1695 (base 12) in base 10?
-2705
Convert 1b1 (base 15) to base 4.
12013
What is 5778 (base 12) in base 6?
113032
-3d41 (base 16) to base 4
-3311001
Convert 1222020 (base 3) to base 7.
4122
Convert -112442 (base 5) to base 13.
-1b51
Convert 100000001101 (base 2) to base 7.
6003
What is 15644 (base 12) in base 8?
73124
552 (base 7) to base 2
100011010
What is 502 (base 6) in base 11?
156
9458 (base 13) to base 10
20522
Convert 1002122100 (base 3) to base 9.
32570
-203203 (base 4) to base 9
-3107
What is -1013231 (base 4) in base 10?
-4589
What is 89a4 (base 13) in base 6?
225011
What is 131a (base 11) in base 14?
8a7
Convert -3760 (base 12) to base 5.
-200024
What is ba17 (base 13) in base 9?
38442
Convert -3551 (base 7) to base 8.
-2436
What is -5a6 (base 15) in base 3?
-1202110
-200e (base 15) to base 2
-1101001101100
Convert 1111032 (base 5) to base 4.
10300331
What is -35a42 (base 12) in base 11?
-4a392
680 (base 10) to base 7
1661
727 (base 8) to base 3
122110
2550 (base 13) to base 11
3a92
Convert 63504 (base 8) to base 2.
110011101000100
2677 (base 8) to base 4
112333
2223204 (base 5) to base 14
103c7
What is -18a (base 14) in base 10?
-318
980 (base 14) to base 13
b14
Convert -2486 (base 9) to base 4.
-131010
What is 2111 (base 5) in base 13?
188
14662 (base 9) to base 7
41132
Convert -38 (base 16) to base 9.
-62
1202 (base 10) to base 4
102302
Convert 2074 (base 8) to base 16.
43c
What is 2304 (base 5) in base 2?
101001001
Convert -1101001001010111 (base 2) to base 3.
-2201212100
Convert 2001012211 (base 3) to base 16.
9d3c
What is -4cc (base 15) in base 4?
-101010
What is -4388 (base 10) in base 12?
-2658
Convert 717 (base 9) to base 6.
2411
What is 475 (base 10) in base 8?
733
Convert 7081 (base 11) to base 2.
10010010111110
What is -16435 (base 8) in base 11?
-5666
1201 (base 3) to base 9
51
What is -582 (base 10) in base 16?
-246
What is -200010212 (base 3) in base 7?
-53363
-230 (base 9) to base 2
-10111101
Convert -1aa7 (base 12) to base 5.
-101140
What is -10420 (base 5) in base 7?
-2100
What is -7a12 (base 11) in base 5?
-314130
Convert 364 (base 13) to base 10.
589
Convert 100011101111010 (base 2) to base 14.
6950
6821 (base 9) to base 2
1001110110001
What is 330 (base 12) in base 10?
468
What is -21100122 (base 4) in base 16?
-941a
Convert 111111010 (base 2) to base 6.
2202
Convert 102001120 (base 3) to base 15.
25c6
1e1d (base 15) to base 12
3961
Convert 11992 (base 10) to base 9.
17404
47522 (base 8) to base 13
9320
Convert 1202112 (base 3) to base 13.
779
What is -1100 (base 6) in base 13?
-165
Convert 2dc1 (base 14) to base 5.
230310
Convert -10cd4 (base 14) to base 3.
-2002011